049
In base 4, what is 13031133200 + 223?
13031200023
In base 15, what is -37d + 16252?
15dc4
In base 16, what is -2103 - -fef?
-1114
In base 9, what is 3454 - 26620?
-23155
In base 9, what is -1427 + 1060?
-357
In base 11, what is 5a4942 - -55?
5a4997
In base 4, what is -2 - 321201033132?
-321201033200
In base 7, what is 261310 - -105?
261415
In base 7, what is -104522040 + 0?
-104522040
In base 2, what is 110011100101100110010 + -101010000?
110011100100111100010
In base 6, what is -12350233 - 42?
-12350315
In base 12, what is 520b5b2 + 23?
520b615
In base 9, what is -3 - -35642503?
35642500
In base 16, what is -18c8d0f - 0?
-18c8d0f
In base 6, what is -4301155513 - -5?
-4301155504
In base 7, what is 4350232325 + 5?
4350232333
In base 8, what is -471 + 445225?
444534
In base 13, what is 30 + c35c2?
c3622
In base 8, what is -4 + 3211667?
3211663
In base 13, what is -18 + 5ba6a?
5ba52
In base 5, what is 231111300 - 12?
231111233
In base 11, what is 4 + -6aa0761?
-6aa0758
In base 4, what is -2113321122 - -1032?
-2113320030
In base 16, what is a17 + -2a27?
-2010
In base 7, what is -333150 + -216?
-333366
In base 8, what is -737345137 + -3?
-737345142
In base 9, what is 10442038 - 3?
10442035
In base 9, what is 56727 + -6860?
48757
In base 11, what is -2 - -9a11a66?
9a11a64
In base 5, what is -110231230 + 14210?
-110212020
In base 12, what is -4647 - 8874?
-112bb
In base 9, what is 8 + 1813578?
1813587
In base 4, what is -12312210133 - -2?
-12312210131
In base 14, what is 1 + -827c4b4?
-827c4b3
In base 7, what is 1625 + -46342?
-44414
In base 11, what is -97a287 - a2?
-97a379
In base 4, what is 2013123 + 101133?
2120322
In base 13, what is -7811cc + 3?
-7811c9
In base 6, what is 1532320 - -33414?
2010134
In base 4, what is -102103 + 30123223?
30021120
In base 6, what is 10105054 - -2024?
10111122
In base 10, what is 1582 + 3157?
4739
In base 14, what is 4 - -2d8448b?
2d84491
In base 6, what is 1510 - -5431331?
5433241
In base 11, what is 34455 - 240?
34215
In base 5, what is -2021432 - -1301?
-2020131
In base 12, what is -57174 + -38?
-571b0
In base 14, what is 4966b8 + -10b?
4965ab
In base 16, what is -daa + -3d8?
-1182
In base 11, what is 1122 - 31a8?
-2086
In base 12, what is -121 + -171b362?
-171b483
In base 16, what is 5946 - -657?
5f9d
In base 9, what is -1 - -6831775?
6831774
In base 9, what is 725161 + 17?
725178
In base 14, what is 5 - -19573?
19578
In base 9, what is -1242133 - 371?
-1242514
In base 7, what is -14622251 + -6?
-14622260
In base 11, what is 23 + -178889?
-178866
In base 11, what is 121 + -22953?
-22832
In base 14, what is -70 - 1d932?
-1d9a2
In base 2, what is -11 + 11000011010011001110100110?
11000011010011001110100011
In base 14, what is -5 + -74cac7?
-74cacc
In base 2, what is 11110011 + -10101110000?
-10001111101
In base 2, what is 101101 + -1011100011111110?
-1011100011010001
In base 6, what is -1243 + 13302553?
13301310
In base 11, what is -a31 + -aa918?
-100849
In base 16, what is 661e + -3cc9?
2955
In base 13, what is -1 - -16256a96?
16256a95
In base 8, what is 4 - 13502210?
-13502204
In base 13, what is 221 - -67002?
67223
In base 2, what is 100001000001011010101 - 1001111?
100001000001010000110
In base 3, what is 101012212000122011 - 10?
101012212000122001
In base 5, what is 31401344 + 222?
31402121
In base 16, what is -2 + 311a09?
311a07
In base 15, what is 550 + -5ce3?
-5793
In base 11, what is 1425234a - -3?
14252352
In base 11, what is -2a39 + 355?
-2694
In base 13, what is 0 + 568cc98?
568cc98
In base 11, what is 3 - -854240?
854243
In base 2, what is -1111010111010 - 1001011111?
-10000100011001
In base 4, what is -20302221213312 + 1?
-20302221213311
In base 13, what is -165 - 1a724?
-1a889
In base 7, what is -1452 + -1636166?
-1640651
In base 11, what is -6894802 - -2?
-6894800
In base 14, what is 5 + 3dd0ad?
3dd0b4
In base 4, what is 100 - 2302200?
-2302100
In base 13, what is -204 - -16404?
16200
In base 14, what is 9a8c - 206?
9886
In base 2, what is 10110111001001111000 + 1?
10110111001001111001
In base 14, what is 74a3 + -2ba?
71c7
In base 11, what is 11173 - -2484?
13647
In base 14, what is 36 - -1ba33a4?
1ba33da
In base 4, what is 22013323001202 - 1?
22013323001201
In base 12, what is 174a - 3b38?
-23aa
In base 14, what is -128456 + 36?
-128420
In base 15, what is -700eb90 + 5?
-700eb8a
In base 13, what is 51b + -3bc6?
-36a8
In base 2, what is -1000110 + -11011111111011001?
-11100000000011111
In base 13, what is -6a6 - -3518?
2b42
In base 4, what is 210 + 2121233313?
2121300123
In base 7, what is -150436251 + 5?
-150436243
In base 15, what is 6 + 3923888?
392388e
In base 13, what is -125 - 23299?
-233c1
In base 9, what is -25 + 5148828?
5148803
In base 13, what is 3 + 70199c5?
70199c8
In base 3, what is 111002021 + 1221220?
120001011
In base 15, what is -b2435 + -139?
-b256e
In base 9, what is -1236228 - 1042?
-1237271
In base 12, what is 2a87 - 2813?
274
In base 8, what is 17535742 - -4?
17535746
In base 14, what is 1 - -2b42613?
2b42614
In base 12, what is 39aa1 - -62a5?
44186
In base 6, what is -5 + 2334522124?
2334522115
In base 15, what is 3796 - 31a?
347b
In base 16, what is -2cf5345 + 3?
-2cf5342
In base 15, what is 9b3eb + -2c?
9b3be
In base 6, what is 1152230 - 525?
1151301
In base 11, what is -2 - -8529386?
8529384
In base 2, what is 1 + 1110100000110000001111110011?
1110100000110000001111110100
In base 5, what is -2031031221 - 43?
-2031031314
In base 16, what is -3 - 1620dd2?
-1620dd5
In base 16, what is 89a23c - f?
89a22d
In base 15, what is 2e516c - -14b?
2e52b8
In base 13, what is -37 - 6614?
-664b
In base 15, what is -35 - 3d194?
-3d1c9
In base 12, what is -424536 + -5?
-42453b
In base 3, what is -1011 + -20212111012?
-20212112100
In base 4, what is 3 - 2002012322301?
-2002012322232
In base 3, what is 20021202212 + 211201?
20022121120
In base 2, what is -110101001 - 11011010100111001?
-11011011011100010
In base 14, what is 114b - c006?
-ac99
In base 6, what is 410451 + -2155?
404252
In base 8, what is -11514 + 275222?
263506
In base 5, what is -3202303442 - -43?
-3202303344
In base 7, what is 15 + -1333020?
-1333002
In base 16, what is -1b7 + -238a?
-2541
In base 15, what is 28054 + 9d?
28102
In base 5, what is 13 + 440240141?
440240204
In base 16, what is 5 + -12a9ff38?
-12a9ff33
In base 12, what is 1 + -1522638?
-1522637
In base 9, what is 1 - 187721876?
-187721875
In base 5, what is 134344232 - -42?
134344324
In base 6, what is -2 - -1234403315?
1234403313
In base 5, what is -22223033 - 4?
-22223042
In base 3, what is 2 - -101120202012102?
101120202012111
In base 5, what is 2420442440 + -203?
2420442232
In base 10, what is -5 + 9884622?
9884617
In base 4, what is -20 - -13111000?
13110320
In base 16, what is 2 - -ddcb8ae?
ddcb8b0
In base 5, what is 23 - 1024021241?
-1024021213
In base 7, what is 1105014336 - -2?
1105014341
In base 3, what is 100 - 21102212021?
-21102211221
In base 6, what is 5 - 100251252450?
-100251252441
In base 8, what is -101173027 + -5?
-101173034
In base 5, what is 14 - -12331312?
12331331
In base 5, what is 144341414 - -13?
144341432
In base 9, what is -66 - -47574?
47507
In base 11, what is -40a7358 + -2?
-40a735a
In base 16, what is 169 - -33a10?
33b79
In base 15, what is e9b - -e04?
1da0
In base 3, what is 1010221020011101 - 0?
1010221020011101
In base 12, what is 1304 + -77b3?
-64ab
In base 16, what is b12b + 6f5?
b820
In base 16, what is 0 - 304022?
-304022
In base 11, what is -5 + -1aa8266?
-1aa8270
In base 13, what is 38b - 5142?
-4a84
In base 15, what is 888 + 1a18?
23a1
In base 16, what is -a - 187dee6?
-187def0
In base 15, what is -5ec67ea + 3?
-5ec67e7
In base 11, what is -79 + -1312983?
-1312a51
In base 15, what is -c39b + -17e?
-c52a
In base 16, what is -4 - 670b8e?
-670b92
In base 2, what is -110 + -10110000101100001001011011?
-10110000101100001001100001
In base 7, what is 36 - -34656610?
34656646
In base 2, what is 1001100000000111010 + 10110010?
1001100000011101100
In base 4, what is 22323232301 - 23?
22323232212
In base 12, what is 41616 - -356a?
44b84
In base 14, what is 255 - -18a68?
18cbd
In base 4, what is 1331230212 + 212?
1331231030
In base 6, what is 231104004 - -101?
231104105
In base 15, what is -2056e + 24?
-2054a
In base 14, w